5*x = -431*x - 1240. List the prime factors of x.
2, 5, 31
Let s be (1/3)/((-3)/(-27)). Suppose s*j + 12 = u - 5, -u + 4*j = -14. List the prime factors of 12/78 - (-1894)/u.
73
Suppose -2*o + 11 = -1657. What are the prime factors of o?
2, 3, 139
What are the prime factors of 250 + -2*(-1 - 5)?
2, 131
Suppose -9 + 33 = 2*a. Suppose -3*m + n = -a, m + 5*n = -0*m - 12. Suppose -2*w = u - 39, 71 = m*w - 2*u + u. What are the prime factors of w?
2, 11
Suppose 0 = -4*f - 3*h + 6880, 5*h + 23 - 3 = 0. What are the prime factors of f?
1723
Let w(d) = -d + 23. Let t be w(4). Let u be (-2)/(-4) - (-3)/2. Suppose u*l = l + t. What are the prime factors of l?
19
Let t(h) = -h**3 + 15*h**2 - 3*h + 19. What are the prime factors of t(6)?
5, 13
Suppose -2*f + 5*m + 884 = m, 0 = 2*m - 4. List the prime factors of f.
2, 223
Suppose -4*o = -1763 + 491. What are the prime factors of o?
2, 3, 53
Let s(f) = -670*f + 44. List the prime factors of s(-5).
2, 1697
Suppose -15*m + 12*m + 1167 = 0. What are the prime factors of m?
389
Suppose -3*s + i = -7*s + 14, -2*s + 4*i - 2 = 0. Suppose 3*o - s*v = 2*o + 42, -5*v + 42 = o. List the prime factors of o.
2, 3, 7
Let b(v) = v + 4 - 3*v - 10*v. Let z be (-4 - 6*(-6 + 5)) + -5. List the prime factors of b(z).
2, 5
Let g be (-27)/((27/(-10))/9). Suppose 4*j + 105 = 3*s + 3*j, g = 3*s + 4*j. Suppose -p = -8*u + 3*u - s, 3*p - 102 = -u. List the prime factors of p.
2, 17
Let y be 15 + ((-12)/(-5) - (-4)/(-10)). Suppose n - y = 6. List the prime factors of n.
23
List the prime factors of (2/1 + -1)*0 + 588.
2, 3, 7
Let i(j) = 169*j**2 - 6*j + 28. List the prime factors of i(4).
2, 677
Suppose 5*n = 3*w - 1409, 0 = w - 3*w + 4*n + 936. List the prime factors of w.
2, 239
Let f(r) be the first derivative of -r**3/3 + 13*r**2/2 - 9*r - 3. What are the prime factors of f(6)?
3, 11
Suppose -31*g + 32*g = 4. What are the prime factors of (-2)/5 - g/(20/(-447))?
89
Let n be (-50)/15*6/(-5). List the prime factors of (1340/(-30))/(1*n/(-30)).
5, 67
Let t(n) = -7*n. Suppose 0 = 3*z + 6, -q - 4*q - 27 = -4*z. What are the prime factors of t(q)?
7
Suppose 2*v + 3*k - 38 = 0, 2*v - 40 = 3*k + 10. Let l = -12 + v. Suppose -4*b + l = 3*o - 183, 4*o + b - 279 = 0. What are the prime factors of o?
71
Let p = 595 - 327. What are the prime factors of p?
2, 67
Suppose -45*f + 39*f = -18. Suppose f*a = -4*h + 251 + 5, 271 = 3*a + h. What are the prime factors of a?
2, 23
Let b(j) = 28*j + 22. Let p be b(5). Suppose 0 = 2*n - 4*s - p, -n - 10 = 4*s - 79. What are the prime factors of n?
7, 11
Suppose 69*l = 64*l + 3210. List the prime factors of l.
2, 3, 107
Let o(n) = 1. Let d(t) = -1. Let h(r) = -r**2 + 7*r + 5. Let x(u) = 3*d(u) + h(u). Let w(l) = -5*o(l) + x(l). List the prime factors of w(3).
3
Let r(d) be the second derivative of d**4/12 - 5*d**3/6 + 3*d**2/2 - d. Let g be r(5). Suppose l - 22 = 2*s, -28 - 14 = -2*l + g*s. List the prime factors of l.
2, 3
Let o(i) = -i + 8. Let h be o(6). Let t = 2 + h. Suppose 2*r + 0 = t. List the prime factors of r.
2
List the prime factors of (-4 - -14) + (1019 - -7).
2, 7, 37
Let n = 315 + -77. Suppose 0 = a + 5*l - 133 + 24, 2*a - n = -5*l. What are the prime factors of a?
3, 43
Let r = 228 - 32. Let z = -127 + r. List the prime factors of z.
3, 23
List the prime factors of 0 + (-8)/4 + 1331.
3, 443
Let j = -144 - -314. List the prime factors of j.
2, 5, 17
Suppose -9 = w + 3. Let h = w - 1. What are the prime factors of (5/4)/(h/(-52))?
5
Let b = -8 + 12. What are the prime factors of (-2 - -1 - -3)*538/b?
269
Let c = -136 - -515. What are the prime factors of c?
379
Suppose -6 = 5*h - 26. Suppose -2*j + 145 = -3*r, -3*j - 71 = r + 2*j. What are the prime factors of (r/(-15) - h)*-30?
2, 3
Let d be (1/(-2))/(12/336). Let f be d/(-49) + 534/(-7). Let v = -41 - f. List the prime factors of v.
5, 7
Suppose 0 = -12*j - 371 - 169. What are the prime factors of ((-132)/(-5))/((-9)/j)?
2, 3, 11
Let v be (2/5)/((-12)/(-60)). List the prime factors of (-6)/v*234/(-54).
13
Let s = -99 - -105. List the prime factors of 68/s*(3 + 15).
2, 3, 17
Suppose 2*b - 3*b = 0. Suppose 9*z - 387 = -b*z. What are the prime factors of z?
43
Let s(w) = -8*w - 7. Let y be s(-4). Suppose m + 5*l - y = 0, -6*m = -2*m + 3*l - 32. Suppose -a - 4*k + 22 = 0, a + k - m = 11. List the prime factors of a.
2, 7
Suppose 2*i - 4 = 4*i. List the prime factors of 3 - (i + 38/(-1)).
43
Suppose -3*p + 0 = -6. Suppose -p*x - v = -5*v - 16, -4 = v. Let j = x - -13. What are the prime factors of j?
13
Suppose 0 = -v - v + 3*b + 8, 3*b + 5 = -v. Let i be v - (-4)/8*-4. What are the prime factors of 16 - (-5 - (i - 2))?
2, 3
Suppose -2*b - 24 = -0*b. Let h = b + 207. What are the prime factors of h?
3, 5, 13
Suppose 5*q = 2 + 18. Suppose -13 = -q*l + 11. What are the prime factors of (126/(-15))/(l/(-15))?
3, 7
Let f(y) be the second derivative of y**3/2 + 3*y**2/2 - 2*y. List the prime factors of f(5).
2, 3
Suppose -n = 5*i - 2*n - 1198, 0 = 2*i - n - 478. Let b = i + -127. List the prime factors of b.
113
Suppose -f + 3*q + 33 = 0, -18*q = -f - 19*q + 29. What are the prime factors of f?
2, 3, 5
Let u(p) = p**3 - 2*p**2 - 3*p + 8. Let x be (-2)/(-3 - 20/(-8)). Let q be u(x). Let k = 53 - q. What are the prime factors of k?
5
Let w = -1662 - 1970. List the prime factors of w/(-16)*(1 + -2 - -2).
227
Let t = -62 + 118. List the prime factors of ((-726)/8)/((-21)/t).
2, 11
Suppose -10 = -2*d + d. Suppose 6*b - 72 - 84 = 0. Let t = b - d. What are the prime factors of t?
2
Let p = -229 + 367. List the prime factors of p.
2, 3, 23
Let u = 40 + -28. Suppose 144 = 3*p + s - 2*s, -4*s = -u. What are the prime factors of p?
7
Let b(d) be the second derivative of d**4/6 - d**3 + 5*d. Let n be b(4). What are the prime factors of ((-4)/n)/(3/(-96))?
2
Let c(h) = 5*h**2 + h + 2. Suppose -3*y - 4 = -2*v, 21 = -2*v - 2*y + 5. List the prime factors of c(v).
2, 3, 13
Let x(w) = 241*w - 90. What are the prime factors of x(3)?
3, 211
Let o = -618 + 2064. List the prime factors of o.
2, 3, 241
Let d(m) = 71*m**2 - 3*m + 2. Let w be d(-4). List the prime factors of -1 - (-1 - 0)/(10/w).
2, 3, 19
Suppose 43222 = 19*m + 11625. What are the prime factors of m?
1663
Let k = -45 + 78. Let d be 140/3 - (-44)/k. What are the prime factors of 10/(2 - d/28)?
5, 7
Suppose 2*r + 5 - 13 = 0. Suppose -c - r*c = -260. Let l = c - 30. List the prime factors of l.
2, 11
Let k(o) = o**3 + 40*o**2 - 46*o - 6. What are the prime factors of k(-41)?
199
Let s be ((-3)/(5 + -6))/((-3)/(-35)). Suppose 8*c = 363 - s. What are the prime factors of c?
41
Let l = 9 - 4. Suppose -3*c - 28 = -5*w, -5*w + l + 15 = 5*c. Suppose -7*d + w*d = -38. List the prime factors of d.
19
Let a be (-2)/4 + (-3454)/(-4). Let s = a - 573. Suppose -290 = -5*k - v + 3*v, v = -5*k + s. List the prime factors of k.
2, 29
Let n(w) = 2*w**2 - 17. Let c be n(8). Let k = 120 - c. List the prime factors of k.
3
Suppose 0 = -5*f + 11*f - 186. Let r = 2 - 0. Suppose r*p - f = p. List the prime factors of p.
31
Let h(i) = i**2 + 8*i - 4. Suppose c - 4 = 5. List the prime factors of h(c).
149
Let q = -934 - -1671. What are the prime factors of q?
11, 67
Let v = 39 - -100. Let p = v + -17. What are the prime factors of p?
2, 61
Let l be (10/15)/(4/(-6)). Let r be (2 - l) + -1 + 0. Suppose 4*a = -r*w + 50 + 80, 3*a - 100 = -w. What are the prime factors of a?
5, 7
Let k = -253 + 641. Suppose 4*q = -0*a + a + k, 5*a + 78 = q. Suppose i = -5*r + 2*i + 96, -5*r + 3*i = -q. List the prime factors of r.
19
What are the prime factors of -3 - -1 - (-4 + 2 + -976)?
2, 61
Suppose -w + 3*w = -5*f - 14, 0 = 4*w - 4*f - 28. Suppose -w*k = -65 + 5. What are the prime factors of k?
2, 5
Let z(y) be the second derivative of -y**3/6 - y**2 + 4*y. Let c be z(-4). Suppose -16 = c*d - 46. What are the prime factors of d?
3, 5
Let g(n) = 172*n + 19. What are the prime factors of g(4)?
7, 101
Suppose 3*m - 4*f - 1461 = 0, -13*m = -18*m + 3*f + 2435. List the prime factors of m.
487
Let n be 4*((-15)/(-6) - 2) - 3. Let t(u) = -15*u - 2. What are the prime factors of t(n)?
13
Suppose -d = -5*d - 20, 4*d + 460 = 4*y. Suppose 0 = -74*i + 75*i - y. List the prime factors of i.
2, 5, 11
Let v = 23 - 23. Let c be (9 + v)*(20 + -13). Suppose 0